{"id":22391,"date":"2026-03-05T13:33:33","date_gmt":"2026-03-05T13:33:33","guid":{"rendered":"https:\/\/rielecom.cl\/tienda\/?post_type=product&#038;p=22391"},"modified":"2026-04-10T12:52:56","modified_gmt":"2026-04-10T12:52:56","slug":"localizador-visual-de-fallas-fibra-optica-vfl","status":"publish","type":"product","link":"https:\/\/rielecom.cl\/tienda\/producto\/localizador-visual-de-fallas-fibra-optica-vfl\/","title":{"rendered":"Localizador Visual de Fallas Fibra \u00d3ptica VFL (10 kil\u00f3metros)"},"content":{"rendered":"<p>Localizador visual de fallas para fibra \u00f3ptica utilizado para detectar cortes, microcurvaturas y p\u00e9rdidas en cables de fibra.<\/p>\n<p>Emite un l\u00e1ser rojo visible que permite identificar r\u00e1pidamente el punto de falla en la fibra \u00f3ptica.<\/p>\n<p>Herramienta indispensable para t\u00e9cnicos FTTH, instaladores de fibra \u00f3ptica y mantenimiento de redes de telecomunicaciones.<\/p>\n<p>Compatible con conectores SC, FC y ST.<\/p>\n","protected":false},"excerpt":{"rendered":"<p>Localizador visual de fallas para fibra \u00f3ptica con l\u00e1ser rojo utilizado en instalaciones y mantenimiento FTTH.<\/p>\n","protected":false},"featured_media":22394,"comment_status":"open","ping_status":"closed","template":"","meta":{"pagelayer_contact_templates":[],"_pagelayer_content":""},"product_brand":[156],"product_cat":[144],"product_tag":[173,153,174,171,172],"class_list":{"0":"post-22391","1":"product","2":"type-product","3":"status-publish","4":"has-post-thumbnail","6":"product_brand-generico","7":"product_cat-equipos-medicion","8":"product_tag-fibra-optica","9":"product_tag-herramientas-ftth","10":"product_tag-tester-fibra","11":"product_tag-vfl","12":"product_tag-visual-fault-locator","14":"first","15":"instock","16":"taxable","17":"shipping-taxable","18":"purchasable","19":"product-type-simple"},"_links":{"self":[{"href":"https:\/\/rielecom.cl\/tienda\/wp-json\/wp\/v2\/product\/22391","targetHints":{"allow":["GET"]}}],"collection":[{"href":"https:\/\/rielecom.cl\/tienda\/wp-json\/wp\/v2\/product"}],"about":[{"href":"https:\/\/rielecom.cl\/tienda\/wp-json\/wp\/v2\/types\/product"}],"replies":[{"embeddable":true,"href":"https:\/\/rielecom.cl\/tienda\/wp-json\/wp\/v2\/comments?post=22391"}],"wp:featuredmedia":[{"embeddable":true,"href":"https:\/\/rielecom.cl\/tienda\/wp-json\/wp\/v2\/media\/22394"}],"wp:attachment":[{"href":"https:\/\/rielecom.cl\/tienda\/wp-json\/wp\/v2\/media?parent=22391"}],"wp:term":[{"taxonomy":"product_brand","embeddable":true,"href":"https:\/\/rielecom.cl\/tienda\/wp-json\/wp\/v2\/product_brand?post=22391"},{"taxonomy":"product_cat","embeddable":true,"href":"https:\/\/rielecom.cl\/tienda\/wp-json\/wp\/v2\/product_cat?post=22391"},{"taxonomy":"product_tag","embeddable":true,"href":"https:\/\/rielecom.cl\/tienda\/wp-json\/wp\/v2\/product_tag?post=22391"}],"curies":[{"name":"wp","href":"https:\/\/api.w.org\/{rel}","templated":true}]}}