{"id":22455,"date":"2026-03-05T17:14:55","date_gmt":"2026-03-05T17:14:55","guid":{"rendered":"https:\/\/rielecom.cl\/tienda\/?post_type=product&#038;p=22455"},"modified":"2026-04-10T12:46:20","modified_gmt":"2026-04-10T12:46:20","slug":"amarras-plasticas-para-cable-100-unidades","status":"publish","type":"product","link":"https:\/\/rielecom.cl\/tienda\/producto\/amarras-plasticas-para-cable-100-unidades\/","title":{"rendered":"Amarras Pl\u00e1sticas Blancas 15cm 3,5mm (100 unidades)"},"content":{"rendered":"<p>Amarras pl\u00e1sticas utilizadas para fijaci\u00f3n y organizaci\u00f3n de cables en instalaciones de telecomunicaciones, redes de datos y fibra \u00f3ptica.<\/p>\n<p>Fabricadas en nylon resistente que permite asegurar cables de forma r\u00e1pida y segura.<\/p>\n<p>Ideales para instalaciones FTTH, cableado estructurado y trabajos de mantenimiento de redes.<\/p>\n<p>Uso en interiores y exteriores.<\/p>\n","protected":false},"excerpt":{"rendered":"<p>Amarras pl\u00e1sticas para fijaci\u00f3n y organizaci\u00f3n de cables en instalaciones FTTH y redes.<\/p>\n","protected":false},"featured_media":22597,"comment_status":"open","ping_status":"closed","template":"","meta":{"pagelayer_contact_templates":[],"_pagelayer_content":""},"product_brand":[156],"product_cat":[148],"product_tag":[195,200,201,202,199],"class_list":{"0":"post-22455","1":"product","2":"type-product","3":"status-publish","4":"has-post-thumbnail","6":"product_brand-generico","7":"product_cat-accesorios-instalacion","8":"product_tag-accesorios-ftth","9":"product_tag-amarras-plasticas","10":"product_tag-cable-ties","11":"product_tag-organizador-cables","12":"product_tag-zip-tie","14":"first","15":"instock","16":"taxable","17":"shipping-taxable","18":"purchasable","19":"product-type-simple"},"_links":{"self":[{"href":"https:\/\/rielecom.cl\/tienda\/wp-json\/wp\/v2\/product\/22455","targetHints":{"allow":["GET"]}}],"collection":[{"href":"https:\/\/rielecom.cl\/tienda\/wp-json\/wp\/v2\/product"}],"about":[{"href":"https:\/\/rielecom.cl\/tienda\/wp-json\/wp\/v2\/types\/product"}],"replies":[{"embeddable":true,"href":"https:\/\/rielecom.cl\/tienda\/wp-json\/wp\/v2\/comments?post=22455"}],"wp:featuredmedia":[{"embeddable":true,"href":"https:\/\/rielecom.cl\/tienda\/wp-json\/wp\/v2\/media\/22597"}],"wp:attachment":[{"href":"https:\/\/rielecom.cl\/tienda\/wp-json\/wp\/v2\/media?parent=22455"}],"wp:term":[{"taxonomy":"product_brand","embeddable":true,"href":"https:\/\/rielecom.cl\/tienda\/wp-json\/wp\/v2\/product_brand?post=22455"},{"taxonomy":"product_cat","embeddable":true,"href":"https:\/\/rielecom.cl\/tienda\/wp-json\/wp\/v2\/product_cat?post=22455"},{"taxonomy":"product_tag","embeddable":true,"href":"https:\/\/rielecom.cl\/tienda\/wp-json\/wp\/v2\/product_tag?post=22455"}],"curies":[{"name":"wp","href":"https:\/\/api.w.org\/{rel}","templated":true}]}}